 + 5*t + 26 = 0, 0 = -3*v - t + 2 + 18. Let k(m) = m**2 - 5*m - 11. Let j be k(v). What is the tens digit of 28*(-4 + j)/(-1)?
2
Let o be 8/(-52) - 5943/(-13). Let i = o + -453. What is the units digit of i?
4
Suppose 72*t - 54*t = 21456. What is the tens digit of 8 + -2 + t + 2?
0
Let i = -12289 + 16689. What is the tens digit of i?
0
Let l(p) = -3*p**2 - 17*p + 8. Let w be l(-6). Suppose -5*c + 1320 = -5*k, 5*c - 1884 = w*k - 552. What is the hundreds digit of c?
2
Let b be (1 + -5)/(2*(-6)/624). Let n = 360 - b. What is the tens digit of n?
5
Let k be 6*((-3)/(-9) + (-2)/(-12)). What is the hundreds digit of 3 - ((-21)/6)/(k/738)?
8
Suppose 26*s + 76676 = 30*s + 2*m, -5*s - 4*m + 95842 = 0. What is the units digit of s?
0
Let p = 1120 + -772. Let k = p - 151. What is the tens digit of k?
9
Let z = 3 - -2. Let i = -222 - -224. Suppose -3*h = h + i*d - 118, h - 52 = -z*d. What is the units digit of h?
7
What is the units digit of 4117386/1638*(1 - 2)*-3?
1
Suppose -o + 2980 = -2*b, -5*o + 6*b + 14892 = 4*b. Suppose -5*z = i - 61 - 513, -5*i + 2*z + o = 0. What is the units digit of i?
4
Suppose 0 = 6*v - 7*v + 3*x - 2, -4*x - 1 = -5*v. What is the units digit of (-121440)/(-224) + -1*v/7?
2
Let a(g) = g**3 + 10*g**2 + 15*g - 9. Let f be a(-8). Let v(q) = 210*q**2 + q + 1. Let p be v(f). Suppose -y - 2*y + p = 0. What is the tens digit of y?
7
Suppose 2*x - 1593 + 31 = 0. Suppose -3*o + 3*d + 801 = 0, 4*o + 3*d - 294 - x = 0. What is the hundreds digit of o?
2
Let a(q) = -2*q**2 - 2. Let v(s) = -29*s**2 - 3*s - 21. Let o(t) = 2*a(t) - v(t). What is the tens digit of o(-8)?
9
What is the hundreds digit of (13/(-39))/(1/(-70))*270?
3
Suppose 57*b - 3108 = 54*b. Let p = b - 645. What is the hundreds digit of p?
3
Let v = -21338 + 37088. What is the tens digit of v?
5
Suppose -2*n = -9*c + 7*c - 10578, -30 = 5*c. What is the units digit of n?
3
Suppose 78*a + 63829 - 936436 = -60471. What is the units digit of a?
2
Suppose -40*o + 259727 + 456962 + 84511 = 0. What is the hundreds digit of o?
0
Suppose 3*y - 4*f = -11, 4*y + 3*f - 2*f - 17 = 0. Let t(i) = 5 - y*i**3 + 19*i + 5*i**2 - 31*i + 17*i. What is the tens digit of t(-3)?
1
Suppose 17*r = r + 2*r + 107114. What is the tens digit of r?
5
Suppose 16 = -4*y, 4*k + 4*y = k - 28. Let d be 2/k + 12/8. Suppose -4*u - 4*h = -5*h - 669, d = -h. What is the tens digit of u?
6
Let q = 41474 + -21324. What is the thousands digit of q?
0
Let y(j) = 3*j**2 - 5*j**2 - 6*j**2 + 9*j + 6 + j**3. Let l = 1012 + -1004. What is the tens digit of y(l)?
7
Suppose -2*h - 2*q = -76, -h + 2*h - 2*q = 26. Let n be (3404/(-444))/(((-3)/15)/((-72)/5)). What is the units digit of (-85)/h*n/10?
8
Let x(a) = 2*a**2 - 25*a + 9. Let t be x(11). Let w = -20 - t. Suppose 5*j - 28 = w*y + 53, j = -y + 9. What is the tens digit of j?
1
Let l = -132 + 137. Let i be (-2 - -10)*l/10. Suppose -3*u + i*s = 9*s - 324, -4*u - 2*s = -432. What is the hundreds digit of u?
1
What is the ten thousands digit of (589 + 928)/((-1)/(-23))?
3
Let r be ((-27)/4)/((-6)/80). Suppose 3*p - 352 = -5*w, 5*w + 11*p = 6*p + 350. Suppose -w*o + r = -69*o. What is the units digit of o?
5
Let f(d) = 2*d**3 - 3*d**2 - 2*d + 3. Let s be f(3). Let h = 25 - s. Let m(a) = 43*a**3 - a. What is the units digit of m(h)?
2
Suppose 0 = 35*o + 2876 - 3751. Suppose r - 3*h - 25 = -r, -5*h = 5*r - 100. Suppose r*n + 472 = o*n. What is the tens digit of n?
5
Suppose 0 = 2*w + i - 1843, -w + 5*i = 2*w - 2797. Suppose -56*l - w = -63*l. What is the hundreds digit of l?
1
Let t(d) = 55*d**2 - 46. What is the units digit of t(15)?
9
Suppose -66*h + 34*h = -1481888. What is the units digit of h?
9
Let u be (1/6 + 1)/(8/48). Suppose -u*a + 4100 + 3257 = 0. What is the thousands digit of a?
1
Suppose 12*z - 14*z + 2*a + 5282 = 0, -2*a = -4*z + 10568. What is the hundreds digit of z?
6
Suppose -t = 3*f - 7, -2*f + 2*t - 4*t - 2 = 0. Suppose k = 4, -r - 3*r - 2060 = f*k. Let w = -352 - r. What is the hundreds digit of w?
1
Suppose 39*z = 10*z + 7888. Let t = -179 + z. What is the tens digit of t?
9
Let g(s) = -30 + 295*s**2 + 7*s - 27 - 34 + 95. What is the tens digit of g(-1)?
9
Suppose 0 = 2*f - 3*g - 5861, 4*f + 3*g = 3426 + 8287. What is the units digit of f?
9
What is the ten thousands digit of 44696/4 - 1/(8/48)?
1
Suppose -x + 5973 = 4*a - 5655, 14535 = 5*a - 3*x. What is the tens digit of a?
0
Let r be 6*(-3 - (-297)/6). Let p(u) = -4*u**2 + 10*u - 8. Let k be p(8). Let g = r + k. What is the units digit of g?
5
Let o be (0/5 + 1)*71. Let n = -6 + 116. Let y = n - o. What is the units digit of y?
9
Let j = 5595 - 714. Let s = j - 3421. What is the units digit of s?
0
Let g(s) = 498*s + 8352. What is the units digit of g(27)?
8
Let l(g) be the second derivative of 25*g**4/4 + g**3/6 + 15*g**2/2 + 3*g + 2. What is the units digit of l(-3)?
7
Let z(y) = y + 20. Let d(t) = t**3 - 2*t**2 - 11. Let c be d(0). Let b be z(c). Suppose -b*m + 1770 = -3*m. What is the tens digit of m?
9
Suppose -k - 3*g + 5537 = 0, 267*g - 10 = 262*g. What is the tens digit of k?
3
Let w be (-396)/(-42) - 4 - (-3)/(-7). Let k(m) = 17 + m**3 - w - 25*m - 2*m**3 + 6*m**2 + 29*m. What is the tens digit of k(6)?
3
Suppose 436*r - 31996 - 538 - 19786 = 0. What is the units digit of r?
0
Let o be 3*2*46/(-69). Let b(f) = 4*f**2 + 4*f - 2. Let y(j) = 15*j**2 + 16*j - 8. Let d(w) = 9*b(w) - 2*y(w). What is the units digit of d(o)?
8
Suppose -6*j + 2*j + 26 = 5*o, 3*j = -4*o + 20. Suppose -j*x - z + 221 + 277 = 0, 0 = -4*x - 3*z + 502. What is the units digit of (x - 0)/(-2 + 3)?
4
Let n(s) be the second derivative of 62*s**3/3 - 113*s**2 - 50*s + 2. What is the hundreds digit of n(8)?
7
Suppose 5*m - 4*w + 1319 + 629 = 0, 0 = -4*m + w - 1565. What is the units digit of ((-50)/75 + 98/(-24))*m?
2
Let c be (-84)/(-20) - 1/5. Suppose -5*q - w + 956 = 0, c*q + 4*w - 380 - 388 = 0. What is the units digit of q?
1
Let a(q) = 2*q + 3*q**2 + 6 + 10*q - 2*q**2. Let h(r) = -5*r**2 + 25*r + 106. Let g be h(8). What is the tens digit of a(g)?
3
Let d(z) = 2*z**2 - 73*z - 2668. What is the units digit of d(-52)?
6
Let d = 115914 + -59896. What is the thousands digit of d?
6
Let p = 588 + -582. Suppose 2*r = 5*h + 755, -2*r = 2*h - p*h - 760. What is the hundreds digit of r?
3
Suppose -3*b + 12 + 6 = 0. Suppose -5*t + 60*n - 57*n = -1369, t = -n + 269. Suppose b*w - t = -26. What is the units digit of w?
1
Suppose 2*m + 34 = 114. Let j be -1 + (4 - 6) - (-1 - m). Suppose 41*g - 66 = j*g. What is the tens digit of g?
2
Suppose 2*p - 13*p - 154 = 0. Let r be ((-310)/1 + -1)*(p - -15). Let l = -157 - r. What is the units digit of l?
4
Let a(u) = 3*u**3 + 10*u**2 + 2*u + 1. Suppose 4*d - d + 9 = 0. Let z be a(d). Suppose 4*b - 185 = -b + 5*i, 2*b - z*i = 84. What is the units digit of b?
2
Suppose -60 = -20*t + 40. Let m(o) = 45*o - 35. What is the hundreds digit of m(t)?
1
Let f be ((-6)/((-6)/1))/(1/6). What is the units digit of ((-3)/f)/((-3)/(1 + 2093))?
9
Let i(c) = -c**3 + 2*c**2 + 13*c + 14. Let a be i(-15). Let j = -2275 + a. What is the units digit of j?
9
Suppose 4*m - 1586795 = -11*m - 610220. What is the tens digit of m?
0
What is the tens digit of 22054/3 + (4 - -2*52/(-24))?
5
Let l(h) = 5*h**2 + 115*h + 9. Let a be l(-23). What is the hundreds digit of (6/a)/((-42)/(-51723))?
8
Suppose -c = -3*z + 32028, 2*z - 4*c + 2332 - 23664 = 0. What is the ten thousands digit of z?
1
What is the units digit of (6568/(-6))/(171/(-4104))?
2
Let y(c) = c + 3. Let x be y(26). Suppose 780 = 35*z - x*z. What is the tens digit of z?
3
Suppose -4*p - a + 41 = 0, 5*a - 15 = -2*p + 10*a. Let y(q) = q**3 - 3*q**2 - q - 11. What is the hundreds digit of y(p)?
6
Let r(z) = 2*z**3 - 2*z**2 - 3*z - 4. Let f be r(3). Let u = 28 - f. Suppose k = 4*y + 2*k - 28, u*k + 20 = 0. What is the units digit of y?
8
Let g(u) = 12*u + 105. Let z be g(-19). Let y = z - -163. What is the tens digit of y?
4
Let x(h) = 16*h**2 - 16*h + 1256. What is the ten thousands digit of x(36)?
2
Let v(w) = -w**3 + 10*w**2 - 15*w + 13. Suppose 3*a = -2*a + 10, -3*x + 2*a + 242 = 0. Let h = 88 - x. What is the units digit of v(h)?
7
Suppose -215*j - 92918 = -217*j. What is the units digit of j?
9
Let y(s) = 887*s**2 - 85*s - 242. What is the units digit of 